{"id":10,"date":"2016-09-13T12:26:30","date_gmt":"2016-09-13T10:26:30","guid":{"rendered":"http:\/\/reseauburnout.org\/?page_id=10"},"modified":"2024-11-04T10:44:03","modified_gmt":"2024-11-04T09:44:03","slug":"un-accompagnement-pluridisciplinaire-pour-vous","status":"publish","type":"page","link":"https:\/\/reseauburnout.org\/index.php\/un-accompagnement-pluridisciplinaire-pour-vous\/","title":{"rendered":"Un accompagnement pluridisciplinaire"},"content":{"rendered":"<div id=\"pl-10\"  class=\"panel-layout\" ><div id=\"pg-10-0\"  class=\"panel-grid panel-no-style\" ><div id=\"pgc-10-0-0\"  class=\"panel-grid-cell\" ><div id=\"panel-10-0-0-0\" class=\"so-panel widget widget_sow-editor panel-first-child panel-last-child\" data-index=\"0\" ><div\n\t\t\t\n\t\t\tclass=\"so-widget-sow-editor so-widget-sow-editor-base\"\n\t\t\t\n\t\t>\n<div class=\"siteorigin-widget-tinymce textwidget\">\n\t<h2 style=\"text-align: left;\">Des professionnels compl\u00e9mentaires<\/h2>\n<p style=\"text-align: left;\">\u00ab\u00a0Tout seul, on va vite. Ensemble, on va loin.\u00a0\u00bb Proverbe africain<\/p>\n<\/div>\n<\/div><\/div><\/div><\/div><div id=\"pg-10-1\"  class=\"panel-grid panel-no-style\" ><div id=\"pgc-10-1-0\"  class=\"panel-grid-cell\" ><div id=\"panel-10-1-0-0\" class=\"so-panel widget widget_sow-editor panel-first-child panel-last-child\" data-index=\"1\" ><div\n\t\t\t\n\t\t\tclass=\"so-widget-sow-editor so-widget-sow-editor-base\"\n\t\t\t\n\t\t><h3 class=\"widget-title\">Le m\u00e9decin <\/h3>\n<div class=\"siteorigin-widget-tinymce textwidget\">\n\t<p>Le m\u00e9decin est la premi\u00e8re personne \u00e0 consulter. Il vous conna\u00eet et sera attentif \u00e0 vos plaintes et aux sympt\u00f4mes qui vous am\u00e8nent chez lui.<br \/>Il peut \u00e9tablir un diagnostic, vous prescrire une m\u00e9dication.<br \/>Il peut d\u00e9cider d\u2019un arr\u00eat de travail et vous suivra tout au long de votre convalescence.<br \/>Votre m\u00e9decin traitant peut \u00e9galement vous orienter vers les diff\u00e9rents sp\u00e9cialistes et intervenants.<\/p>\n<\/div>\n<\/div><\/div><\/div><div id=\"pgc-10-1-1\"  class=\"panel-grid-cell\" ><div id=\"panel-10-1-1-0\" class=\"so-panel widget widget_sow-image panel-first-child panel-last-child\" data-index=\"2\" ><div class=\"panel-widget-style panel-widget-style-for-10-1-1-0\" ><div\n\t\t\t\n\t\t\tclass=\"so-widget-sow-image so-widget-sow-image-default-8b5b6f678277-10\"\n\t\t\t\n\t\t>\n<div class=\"sow-image-container\">\n\t\t<img \n\tsrc=\"https:\/\/reseauburnout.org\/wp-content\/uploads\/2016\/09\/Diapositive1.jpg\" width=\"960\" height=\"720\" srcset=\"https:\/\/reseauburnout.org\/wp-content\/uploads\/2016\/09\/Diapositive1.jpg 960w, https:\/\/reseauburnout.org\/wp-content\/uploads\/2016\/09\/Diapositive1-300x225.jpg 300w, https:\/\/reseauburnout.org\/wp-content\/uploads\/2016\/09\/Diapositive1-768x576.jpg 768w\" sizes=\"(max-width: 960px) 100vw, 960px\" title=\"diapositive1\" alt=\"\" \t\tclass=\"so-widget-image\"\/>\n\t<\/div>\n\n<\/div><\/div><\/div><\/div><\/div><div id=\"pg-10-2\"  class=\"panel-grid panel-no-style\" ><div id=\"pgc-10-2-0\"  class=\"panel-grid-cell\" ><div id=\"panel-10-2-0-0\" class=\"so-panel widget widget_sow-editor panel-first-child panel-last-child\" data-index=\"3\" ><div\n\t\t\t\n\t\t\tclass=\"so-widget-sow-editor so-widget-sow-editor-base\"\n\t\t\t\n\t\t><h3 class=\"widget-title\">Le psychiatre<\/h3>\n<div class=\"siteorigin-widget-tinymce textwidget\">\n\t<p>Le psychiatre travaille en \u00e9troite collaboration avec votre m\u00e9decin traitant. Il peut confirmer le diagnostic mais \u00e9galement l\u2019affiner en approfondissant le questionnement : y a-t-il d\u2019autres pathologies annexes comme la d\u00e9pression, l\u2019anxi\u00e9t\u00e9, des troubles du sommeil majeurs, qui n\u00e9cessitent d\u2019adapter le traitement ?<br \/>Tout comme votre m\u00e9decin traitant, il peut d\u00e9cider d\u2019un arr\u00eat de travail, vous prescrire une m\u00e9dication et\/ou un accompagnement individuel et\/ou collectif : sophrologie, psychoth\u00e9rapie, EMDR, coaching.<br \/>Il propose des entretiens r\u00e9guliers de suivi et d'\u00e9valuation de votre \u00e9tat et assure la r\u00e9daction des dossiers (pour les m\u00e9decins-conseil par exemple)<br \/>Il envisage avec vous des entretiens d\u2019\u00e9valuation pour confirmer le retour au travail ou la reprise d\u2019activit\u00e9 professionnelle.<\/p>\n<\/div>\n<\/div><\/div><\/div><div id=\"pgc-10-2-1\"  class=\"panel-grid-cell\" ><div id=\"panel-10-2-1-0\" class=\"so-panel widget widget_sow-image panel-first-child panel-last-child\" data-index=\"4\" ><div class=\"panel-widget-style panel-widget-style-for-10-2-1-0\" ><div\n\t\t\t\n\t\t\tclass=\"so-widget-sow-image so-widget-sow-image-default-8b5b6f678277-10\"\n\t\t\t\n\t\t>\n<div class=\"sow-image-container\">\n\t\t<img \n\tsrc=\"https:\/\/reseauburnout.org\/wp-content\/uploads\/2016\/09\/Diapositive2.jpg\" width=\"960\" height=\"720\" srcset=\"https:\/\/reseauburnout.org\/wp-content\/uploads\/2016\/09\/Diapositive2.jpg 960w, https:\/\/reseauburnout.org\/wp-content\/uploads\/2016\/09\/Diapositive2-300x225.jpg 300w, https:\/\/reseauburnout.org\/wp-content\/uploads\/2016\/09\/Diapositive2-768x576.jpg 768w\" sizes=\"(max-width: 960px) 100vw, 960px\" title=\"diapositive2\" alt=\"\" \t\tclass=\"so-widget-image\"\/>\n\t<\/div>\n\n<\/div><\/div><\/div><\/div><\/div><div id=\"pg-10-3\"  class=\"panel-grid panel-no-style\" ><div id=\"pgc-10-3-0\"  class=\"panel-grid-cell\" ><div id=\"panel-10-3-0-0\" class=\"so-panel widget widget_sow-editor panel-first-child panel-last-child\" data-index=\"5\" ><div\n\t\t\t\n\t\t\tclass=\"so-widget-sow-editor so-widget-sow-editor-base\"\n\t\t\t\n\t\t><h3 class=\"widget-title\">Le psychologue<\/h3>\n<div class=\"siteorigin-widget-tinymce textwidget\">\n\t<p>Le psychologue vous accompagne dans la r\u00e9flexion et la compr\u00e9hension de ce qui vous arrive. Il vous aide \u00e0 prendre du recul par rapport \u00e0 votre situation. Au cours de s\u00e9ances r\u00e9guli\u00e8res, vous explorez les m\u00e9canismes qui vous ont men\u00e9 \u00e0 l\u2019\u00e9puisement et vous apprenez \u00e0 les d\u00e9samorcer.<br \/>Vous prenez conscience de votre fonctionnement et d\u00e9veloppez les moyens de vous pr\u00e9server pour le futur.<br \/>Le psychologue est votre alli\u00e9 tout au long de votre convalescence et apr\u00e8s votre retour au travail si vous en \u00e9prouvez le besoin.<\/p>\n<\/div>\n<\/div><\/div><\/div><div id=\"pgc-10-3-1\"  class=\"panel-grid-cell\" ><div id=\"panel-10-3-1-0\" class=\"so-panel widget widget_sow-image panel-first-child panel-last-child\" data-index=\"6\" ><div class=\"panel-widget-style panel-widget-style-for-10-3-1-0\" ><div\n\t\t\t\n\t\t\tclass=\"so-widget-sow-image so-widget-sow-image-default-8b5b6f678277-10\"\n\t\t\t\n\t\t>\n<div class=\"sow-image-container\">\n\t\t<img \n\tsrc=\"https:\/\/reseauburnout.org\/wp-content\/uploads\/2016\/09\/Diapositive3.jpg\" width=\"960\" height=\"720\" srcset=\"https:\/\/reseauburnout.org\/wp-content\/uploads\/2016\/09\/Diapositive3.jpg 960w, https:\/\/reseauburnout.org\/wp-content\/uploads\/2016\/09\/Diapositive3-300x225.jpg 300w, https:\/\/reseauburnout.org\/wp-content\/uploads\/2016\/09\/Diapositive3-768x576.jpg 768w\" sizes=\"(max-width: 960px) 100vw, 960px\" title=\"diapositive3\" alt=\"\" \t\tclass=\"so-widget-image\"\/>\n\t<\/div>\n\n<\/div><\/div><\/div><\/div><\/div><div id=\"pg-10-4\"  class=\"panel-grid panel-no-style\" ><div id=\"pgc-10-4-0\"  class=\"panel-grid-cell\" ><div id=\"panel-10-4-0-0\" class=\"so-panel widget widget_sow-editor panel-first-child panel-last-child\" data-index=\"7\" ><div\n\t\t\t\n\t\t\tclass=\"so-widget-sow-editor so-widget-sow-editor-base\"\n\t\t\t\n\t\t><h3 class=\"widget-title\">Le coach<\/h3>\n<div class=\"siteorigin-widget-tinymce textwidget\">\n\t<p>Le coach vous aide \u00e0 faire le point par rapport \u00e0 votre travail, votre environnement professionnel et votre carri\u00e8re.<br \/>Il intervient g\u00e9n\u00e9ralement vers la fin de votre convalescence. Il vous pr\u00e9pare au retour au travail en vous aidant \u00e0 trouver un \u00e9quilibre entre vie priv\u00e9e et vie professionnelle.<br \/>Il vous accompagne et vous guide dans votre r\u00e9flexion et dans l\u2019\u00e9laboration de votre futur projet professionnel, qu\u2019il s\u2019agisse de r\u00e9int\u00e9grer votre poste ou de prendre une nouvelle direction.<br \/>Son approche est concr\u00e8te tout en maintenant la connexion avec vos aspirations profondes. Elle est orient\u00e9e vers le futur et envisage des objectifs pr\u00e9cis en s\u2019appuyant sur la situation pr\u00e9sente.<\/p>\n<\/div>\n<\/div><\/div><\/div><div id=\"pgc-10-4-1\"  class=\"panel-grid-cell\" ><div id=\"panel-10-4-1-0\" class=\"so-panel widget widget_sow-image panel-first-child panel-last-child\" data-index=\"8\" ><div class=\"panel-widget-style panel-widget-style-for-10-4-1-0\" ><div\n\t\t\t\n\t\t\tclass=\"so-widget-sow-image so-widget-sow-image-default-8b5b6f678277-10\"\n\t\t\t\n\t\t>\n<div class=\"sow-image-container\">\n\t\t<img \n\tsrc=\"https:\/\/reseauburnout.org\/wp-content\/uploads\/2016\/09\/Diapositive4.jpg\" width=\"960\" height=\"720\" srcset=\"https:\/\/reseauburnout.org\/wp-content\/uploads\/2016\/09\/Diapositive4.jpg 960w, https:\/\/reseauburnout.org\/wp-content\/uploads\/2016\/09\/Diapositive4-300x225.jpg 300w, https:\/\/reseauburnout.org\/wp-content\/uploads\/2016\/09\/Diapositive4-768x576.jpg 768w\" sizes=\"(max-width: 960px) 100vw, 960px\" title=\"diapositive4\" alt=\"\" \t\tclass=\"so-widget-image\"\/>\n\t<\/div>\n\n<\/div><\/div><\/div><\/div><\/div><div id=\"pg-10-5\"  class=\"panel-grid panel-no-style\" ><div id=\"pgc-10-5-0\"  class=\"panel-grid-cell\" ><div id=\"panel-10-5-0-0\" class=\"so-panel widget widget_sow-editor panel-first-child panel-last-child\" data-index=\"9\" ><div\n\t\t\t\n\t\t\tclass=\"so-widget-sow-editor so-widget-sow-editor-base\"\n\t\t\t\n\t\t><h3 class=\"widget-title\">Le sophrologue <\/h3>\n<div class=\"siteorigin-widget-tinymce textwidget\">\n\t<p>Le sophrologue vous aide \u00e0 vous reconnecter avec votre corps et \u00e0 vous relaxer.<br \/>Il vous am\u00e8ne \u00e0 reprendre contact avec vos sensations, vos pens\u00e9es et vos \u00e9motions et \u00e0 trouver l\u2019\u00e9quilibre du corps et de l\u2019esprit.<br \/>Il vous aide \u00e0 retrouver bien-\u00eatre et harmonie, \u00e0 g\u00e9rer votre stress, \u00e0 retrouver enthousiasme, cr\u00e9ativit\u00e9 et motivation.<\/p>\n<\/div>\n<\/div><\/div><\/div><div id=\"pgc-10-5-1\"  class=\"panel-grid-cell\" ><div id=\"panel-10-5-1-0\" class=\"so-panel widget widget_sow-image panel-first-child panel-last-child\" data-index=\"10\" ><div class=\"panel-widget-style panel-widget-style-for-10-5-1-0\" ><div\n\t\t\t\n\t\t\tclass=\"so-widget-sow-image so-widget-sow-image-default-8b5b6f678277-10\"\n\t\t\t\n\t\t>\n<div class=\"sow-image-container\">\n\t\t<img \n\tsrc=\"https:\/\/reseauburnout.org\/wp-content\/uploads\/2016\/09\/Diapositive5.jpg\" width=\"960\" height=\"720\" srcset=\"https:\/\/reseauburnout.org\/wp-content\/uploads\/2016\/09\/Diapositive5.jpg 960w, https:\/\/reseauburnout.org\/wp-content\/uploads\/2016\/09\/Diapositive5-300x225.jpg 300w, https:\/\/reseauburnout.org\/wp-content\/uploads\/2016\/09\/Diapositive5-768x576.jpg 768w\" sizes=\"(max-width: 960px) 100vw, 960px\" title=\"diapositive5\" alt=\"\" \t\tclass=\"so-widget-image\"\/>\n\t<\/div>\n\n<\/div><\/div><\/div><\/div><\/div><div id=\"pg-10-6\"  class=\"panel-grid panel-no-style\" ><div id=\"pgc-10-6-0\"  class=\"panel-grid-cell\" ><div id=\"panel-10-6-0-0\" class=\"so-panel widget widget_sow-editor panel-first-child panel-last-child\" data-index=\"11\" ><div\n\t\t\t\n\t\t\tclass=\"so-widget-sow-editor so-widget-sow-editor-base\"\n\t\t\t\n\t\t><h3 class=\"widget-title\">L'avocat<\/h3>\n<div class=\"siteorigin-widget-tinymce textwidget\">\n\t<p>Consulter un avocat est parfois n\u00e9cessaire pour conna\u00eetre vos droits et obligations vis \u00e0 vis de votre employeur lorsque la situation devient d\u00e9licate.<br \/>L\u2019avocat-m\u00e9diateur vous expliquera \u00e9galement les droits et obligations de votre employeur en mati\u00e8re de bien-\u00eatre au travail et de gestion des risques psychosociaux, de contrat de travail ou de licenciement.<br \/>Il peut \u00e9galement intervenir en cas de conflit avec un coll\u00e8gue ou votre employeur.<br \/>Il joue le r\u00f4le de m\u00e9diateur avec l'entreprise.<\/p>\n<\/div>\n<\/div><\/div><\/div><div id=\"pgc-10-6-1\"  class=\"panel-grid-cell\" ><div id=\"panel-10-6-1-0\" class=\"so-panel widget widget_sow-image panel-first-child panel-last-child\" data-index=\"12\" ><div class=\"panel-widget-style panel-widget-style-for-10-6-1-0\" ><div\n\t\t\t\n\t\t\tclass=\"so-widget-sow-image so-widget-sow-image-default-8b5b6f678277-10\"\n\t\t\t\n\t\t>\n<div class=\"sow-image-container\">\n\t\t<img \n\tsrc=\"https:\/\/reseauburnout.org\/wp-content\/uploads\/2016\/09\/Diapositive6.jpg\" width=\"960\" height=\"720\" srcset=\"https:\/\/reseauburnout.org\/wp-content\/uploads\/2016\/09\/Diapositive6.jpg 960w, https:\/\/reseauburnout.org\/wp-content\/uploads\/2016\/09\/Diapositive6-300x225.jpg 300w, https:\/\/reseauburnout.org\/wp-content\/uploads\/2016\/09\/Diapositive6-768x576.jpg 768w\" sizes=\"(max-width: 960px) 100vw, 960px\" title=\"diapositive6\" alt=\"\" \t\tclass=\"so-widget-image\"\/>\n\t<\/div>\n\n<\/div><\/div><\/div><\/div><\/div><\/div>","protected":false},"excerpt":{"rendered":"<p>Des professionnels compl\u00e9mentaires \u00ab\u00a0Tout seul, on va vite. Ensemble, on va loin.\u00a0\u00bb Proverbe africain Le m\u00e9decin est la premi\u00e8re personne \u00e0 consulter. Il vous conna\u00eet et sera attentif \u00e0 vos plaintes et aux sympt\u00f4mes qui vous am\u00e8nent chez lui.Il peut \u00e9tablir un diagnostic, vous prescrire une m\u00e9dication.Il peut d\u00e9cider d\u2019un arr\u00eat de travail et vous &#8230; <a title=\"Un accompagnement pluridisciplinaire\" class=\"read-more\" href=\"https:\/\/reseauburnout.org\/index.php\/un-accompagnement-pluridisciplinaire-pour-vous\/\">Lire la suite <span class=\"screen-reader-text\">Un accompagnement pluridisciplinaire<\/span><\/a><\/p>\n","protected":false},"author":1,"featured_media":0,"parent":0,"menu_order":30,"comment_status":"closed","ping_status":"closed","template":"","meta":{"two_page_speed":[],"footnotes":""},"class_list":["post-10","page","type-page","status-publish"],"aioseo_notices":[],"_links":{"self":[{"href":"https:\/\/reseauburnout.org\/index.php\/wp-json\/wp\/v2\/pages\/10","targetHints":{"allow":["GET"]}}],"collection":[{"href":"https:\/\/reseauburnout.org\/index.php\/wp-json\/wp\/v2\/pages"}],"about":[{"href":"https:\/\/reseauburnout.org\/index.php\/wp-json\/wp\/v2\/types\/page"}],"author":[{"embeddable":true,"href":"https:\/\/reseauburnout.org\/index.php\/wp-json\/wp\/v2\/users\/1"}],"replies":[{"embeddable":true,"href":"https:\/\/reseauburnout.org\/index.php\/wp-json\/wp\/v2\/comments?post=10"}],"version-history":[{"count":18,"href":"https:\/\/reseauburnout.org\/index.php\/wp-json\/wp\/v2\/pages\/10\/revisions"}],"predecessor-version":[{"id":1738,"href":"https:\/\/reseauburnout.org\/index.php\/wp-json\/wp\/v2\/pages\/10\/revisions\/1738"}],"wp:attachment":[{"href":"https:\/\/reseauburnout.org\/index.php\/wp-json\/wp\/v2\/media?parent=10"}],"curies":[{"name":"wp","href":"https:\/\/api.w.org\/{rel}","templated":true}]}}