{"id":490,"date":"2017-11-28T09:03:46","date_gmt":"2017-11-28T08:03:46","guid":{"rendered":"http:\/\/reseauburnout.org\/?page_id=490"},"modified":"2024-11-04T10:46:40","modified_gmt":"2024-11-04T09:46:40","slug":"nous-contacter","status":"publish","type":"page","link":"https:\/\/reseauburnout.org\/index.php\/nous-contacter\/","title":{"rendered":"Nous contacter"},"content":{"rendered":"<div id=\"pl-490\"  class=\"panel-layout\" ><div id=\"pg-490-0\"  class=\"panel-grid panel-no-style\" ><div id=\"pgc-490-0-0\"  class=\"panel-grid-cell\" ><div id=\"panel-490-0-0-0\" class=\"so-panel widget widget_sow-editor panel-first-child\" data-index=\"0\" ><div class=\"panel-widget-style panel-widget-style-for-490-0-0-0\" ><div\n\t\t\t\n\t\t\tclass=\"so-widget-sow-editor so-widget-sow-editor-base\"\n\t\t\t\n\t\t><h3 class=\"widget-title\">Pour nous contacter :<\/h3>\n<div class=\"siteorigin-widget-tinymce textwidget\">\n\t<p>1. Si vous pensez \u00eatre en burnout,\u00a0il est important que vous\u00a0rencontriez un m\u00e9decin afin d'\u00e9tablir un diagnostic. Vous pouvez donc soit consulter votre m\u00e9decin traitant, soit prendre rendez-vous chez un psychiatre du r\u00e9seau (voir coordonn\u00e9es dans l\u2019onglet \"Qui sommes-nous ?\u201d).<\/p>\n<p>2. Parall\u00e8lement, vous pouvez aussi consulter un psychoth\u00e9rapeute pour\u00a0faire le point avec lui et entamer un accompagnement. N'h\u00e9sitez donc pas \u00e0 prendre rendez-vous avec l'un d'entre eux.\u00a0 (voir coordonn\u00e9es dans l\u2019onglet \"Qui sommes-nous ?\u201d)<\/p>\n<p>3. Si n\u00e9cessaire, il pourrait vous conseiller de voir une sophrologue afin de travailler sur la dimension physique de votre \u00e9puisement.\u00a0(voir coordonn\u00e9es dans l\u2019onglet \"Qui sommes-nous ?\u201d)<\/p>\n<p>4. Par la suite et en fonction de votre situation, votre m\u00e9decin ou votre psychoth\u00e9rapeute pourrait vous orienter vers un coach avec lequel vous pourrez travailler sur vos perspectives professionnelles\u00a0\u00a0(voir coordonn\u00e9es dans l\u2019onglet \"Qui sommes-nous ?\u201d)<\/p>\n<p><em>Quelque soit l'intervenant que vous contactez, tous les membres du r\u00e9seau sont form\u00e9s \u00e0 l'accompagnement sp\u00e9cifique des personnes en burnout.<\/em><\/p>\n<\/div>\n<\/div><\/div><\/div><div id=\"panel-490-0-0-1\" class=\"so-panel widget widget_sow-editor panel-last-child\" data-index=\"1\" ><div class=\"panel-widget-style panel-widget-style-for-490-0-0-1\" ><div\n\t\t\t\n\t\t\tclass=\"so-widget-sow-editor so-widget-sow-editor-base\"\n\t\t\t\n\t\t><h3 class=\"widget-title\">Si vous r\u00e9sidez hors de la Belgique :<\/h3>\n<div class=\"siteorigin-widget-tinymce textwidget\">\n\t<p>Le R\u00e9seau Bun Out n\u2019\u00e9tant actif qu\u2019en Belgique et au GD Luxembourg, nous ne sommes pas en mesure d\u2019accueillir les personnes r\u00e9sidant hors de ce p\u00e9rim\u00e8tre.<\/p>\n<p>Si vous r\u00e9sidez en France, nous vous conseillons de contacter le r\u00e9seau des <strong>unit\u00e9s \u00ab\u00a0Souffrance &amp; Travail<\/strong>\u00bb\u00a0actives au sein de certaines consultations de pathologies professionnelles\u00a0: <a href=\"https:\/\/www.souffrance-et-travail.com\">https:\/\/www.souffrance-et-travail.com<\/a><\/p>\n<\/div>\n<\/div><\/div><\/div><\/div><div id=\"pgc-490-0-1\"  class=\"panel-grid-cell\" ><div id=\"panel-490-0-1-0\" class=\"so-panel widget widget_sow-editor panel-first-child\" data-index=\"2\" ><div class=\"panel-widget-style panel-widget-style-for-490-0-1-0\" ><div\n\t\t\t\n\t\t\tclass=\"so-widget-sow-editor so-widget-sow-editor-base\"\n\t\t\t\n\t\t>\n<div class=\"siteorigin-widget-tinymce textwidget\">\n\t<p>Vous \u00eates invit\u00e9s \u00e0 prendre contact <u>directement avec le membre du r\u00e9seau<\/u> que vous souhaitez joindre, soit par e-mail soit par t\u00e9l\u00e9phone.<br \/>\n<strong><a href=\"http:\/\/reseauburnout.org\/index.php\/qui-sommes-nous#membres\">Voyez ici la liste des membres du r\u00e9seau<\/a><\/strong>.<\/p>\n<p>Si (et seulement si) vous avez une demande plus g\u00e9n\u00e9rale, compl\u00e9tez le formulaire ci-dessous. <em>Veuillez noter qu'il\u00a0n'est pas possible de prendre rendez-vous avec un professionnel du r\u00e9seau via ce formulaire ! Pour ce faire, il est n\u00e9cessaire de prendre directement contact avec un membre du r\u00e9seau comme expliqu\u00e9 ci-dessus. Merci pour votre compr\u00e9hension. <\/em><\/p>\n<\/div>\n<\/div><\/div><\/div><div id=\"panel-490-0-1-1\" class=\"so-panel widget widget_sow-editor panel-last-child\" data-index=\"3\" ><div\n\t\t\t\n\t\t\tclass=\"so-widget-sow-editor so-widget-sow-editor-base\"\n\t\t\t\n\t\t>\n<div class=\"siteorigin-widget-tinymce textwidget\">\n\t\n<div class=\"wpcf7 no-js\" id=\"wpcf7-f489-o1\" lang=\"fr-FR\" dir=\"ltr\" data-wpcf7-id=\"489\">\n<div class=\"screen-reader-response\"><p role=\"status\" aria-live=\"polite\" aria-atomic=\"true\"><\/p> <ul><\/ul><\/div>\n<form action=\"\/index.php\/wp-json\/wp\/v2\/pages\/490#wpcf7-f489-o1\" method=\"post\" class=\"wpcf7-form init\" aria-label=\"Formulaire de contact\" novalidate=\"novalidate\" data-status=\"init\">\n<div style=\"display: none;\">\n<input type=\"hidden\" name=\"_wpcf7\" value=\"489\" \/>\n<input type=\"hidden\" name=\"_wpcf7_version\" value=\"6.0.1\" \/>\n<input type=\"hidden\" name=\"_wpcf7_locale\" value=\"fr_FR\" \/>\n<input type=\"hidden\" name=\"_wpcf7_unit_tag\" value=\"wpcf7-f489-o1\" \/>\n<input type=\"hidden\" name=\"_wpcf7_container_post\" value=\"0\" \/>\n<input type=\"hidden\" name=\"_wpcf7_posted_data_hash\" value=\"\" \/>\n<\/div>\n<p><label> Votre nom (obligatoire)<br \/>\n<span class=\"wpcf7-form-control-wrap\" data-name=\"your-name\"><input size=\"40\" maxlength=\"400\" class=\"wpcf7-form-control wpcf7-text wpcf7-validates-as-required\" aria-required=\"true\" aria-invalid=\"false\" value=\"\" type=\"text\" name=\"your-name\" \/><\/span> <\/label>\n<\/p>\n<p><label> Votre adresse email (obligatoire)<br \/>\n<span class=\"wpcf7-form-control-wrap\" data-name=\"your-email\"><input size=\"40\" maxlength=\"400\" class=\"wpcf7-form-control wpcf7-email wpcf7-validates-as-required wpcf7-text wpcf7-validates-as-email\" aria-required=\"true\" aria-invalid=\"false\" value=\"\" type=\"email\" name=\"your-email\" \/><\/span> <\/label>\n<\/p>\n<p><label> Votre num\u00e9ro de t\u00e9l\u00e9phone<br \/>\n<span class=\"wpcf7-form-control-wrap\" data-name=\"tel-932\"><input size=\"40\" maxlength=\"400\" class=\"wpcf7-form-control wpcf7-tel wpcf7-text wpcf7-validates-as-tel\" aria-invalid=\"false\" value=\"\" type=\"tel\" name=\"tel-932\" \/><\/span> <\/label>\n<\/p>\n<p><label> L'objet de votre message<br \/>\n<span class=\"wpcf7-form-control-wrap\" data-name=\"your-subject\"><input size=\"40\" maxlength=\"400\" class=\"wpcf7-form-control wpcf7-text wpcf7-validates-as-required\" aria-required=\"true\" aria-invalid=\"false\" value=\"\" type=\"text\" name=\"your-subject\" \/><\/span> <\/label>\n<\/p>\n<p><label> Votre message<br \/>\n<span class=\"wpcf7-form-control-wrap\" data-name=\"your-message\"><textarea cols=\"40\" rows=\"10\" maxlength=\"2000\" class=\"wpcf7-form-control wpcf7-textarea\" aria-invalid=\"false\" name=\"your-message\"><\/textarea><\/span> <\/label>\n<\/p>\n<p><span class=\"wpcf7-form-control-wrap\" data-name=\"checkbox-554\"><span class=\"wpcf7-form-control wpcf7-checkbox\"><span class=\"wpcf7-list-item first last\"><input type=\"checkbox\" name=\"checkbox-554[]\" value=\"Contactez-moi par t\u00e9l\u00e9phone\" \/><span class=\"wpcf7-list-item-label\">Contactez-moi par t\u00e9l\u00e9phone<\/span><\/span><\/span><\/span><br \/>\n<span class=\"wpcf7-form-control-wrap kc_captcha\" data-name=\"kc_captcha\"><span class=\"wpcf7-form-control wpcf7-radio\"><span class=\"captcha-image\" ><span class=\"cf7ic_instructions\">Veuillez prouver que vous \u00eates humain en s\u00e9lectionnant<span> le camion<\/span>.<\/span><label><input aria-label=\"1\" type=\"radio\" name=\"kc_captcha\" value=\"bot\" \/><svg aria-hidden=\"true\" role=\"img\" xmlns=\"http:\/\/www.w3.org\/2000\/svg\" viewBox=\"0 0 576 512\"><path fill=\"currentColor\" d=\"M488 313v143c0 13-11 24-24 24H348c-7 0-12-5-12-12V356c0-7-5-12-12-12h-72c-7 0-12 5-12 12v112c0 7-5 12-12 12H112c-13 0-24-11-24-24V313c0-4 2-7 4-10l188-154c5-4 11-4 16 0l188 154c2 3 4 6 4 10zm84-61l-84-69V44c0-6-5-12-12-12h-56c-7 0-12 6-12 12v73l-89-74a48 48 0 00-61 0L4 252c-5 4-5 12-1 17l25 31c5 5 12 5 17 1l235-193c5-4 11-4 16 0l235 193c5 5 13 4 17-1l25-31c4-6 4-13-1-17z\"\/><\/svg><\/label><label><input aria-label=\"2\" type=\"radio\" name=\"kc_captcha\" value=\"bot\" \/><svg aria-hidden=\"true\" role=\"img\" xmlns=\"http:\/\/www.w3.org\/2000\/svg\" viewBox=\"0 0 512 512\"><path fill=\"currentColor\" d=\"M500 168h-55l-8-21a127 127 0 00-120-83H195a127 127 0 00-120 83l-8 21H12c-8 0-14 8-11 16l8 24a12 12 0 0011 8h29a64 64 0 00-33 56v48c0 16 6 31 16 42v62c0 13 11 24 24 24h48c13 0 24-11 24-24v-40h256v40c0 13 11 24 24 24h48c13 0 24-11 24-24v-62c10-11 16-26 16-42v-48c0-24-13-45-33-56h29a12 12 0 0011-8l8-24c3-8-3-16-11-16zm-365 2c9-25 33-42 60-42h122c27 0 51 17 60 42l15 38H120l15-38zM88 328a32 32 0 010-64c18 0 48 30 48 48s-30 16-48 16zm336 0c-18 0-48 2-48-16s30-48 48-48 32 14 32 32-14 32-32 32z\"\/><\/svg><\/label><label><input aria-label=\"3\" type=\"radio\" name=\"kc_captcha\" value=\"kc_human\" \/><svg aria-hidden=\"true\" role=\"img\" xmlns=\"http:\/\/www.w3.org\/2000\/svg\" viewBox=\"0 0 640 512\"><path fill=\"currentColor\" d=\"M624 352h-16V244c0-13-5-25-14-34L494 110c-9-9-21-14-34-14h-44V48c0-26-21-48-48-48H48C22 0 0 22 0 48v320c0 27 22 48 48 48h16a96 96 0 00192 0h128a96 96 0 00192 0h48c9 0 16-7 16-16v-32c0-9-7-16-16-16zM160 464a48 48 0 110-96 48 48 0 010 96zm320 0a48 48 0 110-96 48 48 0 010 96zm80-208H416V144h44l100 100v12z\"\/><\/svg><\/label>\r\n    <\/span>\r\n    <span style=\"display:none\">\r\n        <input type=\"text\" name=\"kc_honeypot\">\r\n    <\/span><\/span><\/span><br \/>\n<input class=\"wpcf7-form-control wpcf7-submit has-spinner\" type=\"submit\" value=\"Envoyer\" \/>\n<\/p><div class=\"wpcf7-response-output\" aria-hidden=\"true\"><\/div>\n<\/form>\n<\/div>\n\n<\/div>\n<\/div><\/div><\/div><\/div><\/div>","protected":false},"excerpt":{"rendered":"<p>1. Si vous pensez \u00eatre en burnout,\u00a0il est important que vous\u00a0rencontriez un m\u00e9decin afin d&rsquo;\u00e9tablir un diagnostic. Vous pouvez donc soit consulter votre m\u00e9decin traitant, soit prendre rendez-vous chez un psychiatre du r\u00e9seau (voir coordonn\u00e9es dans l\u2019onglet \u00ab\u00a0Qui sommes-nous ?\u201d). 2. Parall\u00e8lement, vous pouvez aussi consulter un psychoth\u00e9rapeute pour\u00a0faire le point avec lui et entamer &#8230; <a title=\"Nous contacter\" class=\"read-more\" href=\"https:\/\/reseauburnout.org\/index.php\/nous-contacter\/\">Lire la suite <span class=\"screen-reader-text\">Nous contacter<\/span><\/a><\/p>\n","protected":false},"author":1,"featured_media":0,"parent":0,"menu_order":60,"comment_status":"closed","ping_status":"closed","template":"","meta":{"two_page_speed":[],"footnotes":""},"class_list":["post-490","page","type-page","status-publish"],"aioseo_notices":[],"_links":{"self":[{"href":"https:\/\/reseauburnout.org\/index.php\/wp-json\/wp\/v2\/pages\/490","targetHints":{"allow":["GET"]}}],"collection":[{"href":"https:\/\/reseauburnout.org\/index.php\/wp-json\/wp\/v2\/pages"}],"about":[{"href":"https:\/\/reseauburnout.org\/index.php\/wp-json\/wp\/v2\/types\/page"}],"author":[{"embeddable":true,"href":"https:\/\/reseauburnout.org\/index.php\/wp-json\/wp\/v2\/users\/1"}],"replies":[{"embeddable":true,"href":"https:\/\/reseauburnout.org\/index.php\/wp-json\/wp\/v2\/comments?post=490"}],"version-history":[{"count":33,"href":"https:\/\/reseauburnout.org\/index.php\/wp-json\/wp\/v2\/pages\/490\/revisions"}],"predecessor-version":[{"id":1741,"href":"https:\/\/reseauburnout.org\/index.php\/wp-json\/wp\/v2\/pages\/490\/revisions\/1741"}],"wp:attachment":[{"href":"https:\/\/reseauburnout.org\/index.php\/wp-json\/wp\/v2\/media?parent=490"}],"curies":[{"name":"wp","href":"https:\/\/api.w.org\/{rel}","templated":true}]}}