{"id":499,"date":"2017-11-28T09:31:31","date_gmt":"2017-11-28T08:31:31","guid":{"rendered":"http:\/\/reseauburnout.org\/?page_id=499"},"modified":"2024-11-04T10:45:46","modified_gmt":"2024-11-04T09:45:46","slug":"nos-interventions-et-publications","status":"publish","type":"page","link":"https:\/\/reseauburnout.org\/index.php\/nos-interventions-et-publications\/","title":{"rendered":"Nos interventions et publications"},"content":{"rendered":"<div id=\"pl-499\"  class=\"panel-layout\" ><div id=\"pg-499-0\"  class=\"panel-grid panel-no-style\" ><div id=\"pgc-499-0-0\"  class=\"panel-grid-cell\" ><div id=\"panel-499-0-0-0\" class=\"so-panel widget widget_sow-editor panel-first-child panel-last-child\" data-index=\"0\" ><div class=\"panel-widget-style panel-widget-style-for-499-0-0-0\" ><div\n\t\t\t\n\t\t\tclass=\"so-widget-sow-editor so-widget-sow-editor-base\"\n\t\t\t\n\t\t>\n<div class=\"siteorigin-widget-tinymce textwidget\">\n\t<p>Notre r\u00e9seau a pour ambition de d\u00e9velopper son expertise dans la probl\u00e9matique de la souffrance au travail\u00a0: burnout, \u00e9puisement professionnel, harc\u00e8lement, troubles psychosomatiques, psychologiques, psychiatriques, etc. Nous voulons contribuer non seulement \u00e0 mieux comprendre ces ph\u00e9nom\u00e8nes mais aussi \u00e0 les pr\u00e9venir.<\/p>\n<p>Les membres du r\u00e9seau partagent cette expertise avec d\u2019autres professionnels et le grand public, via la presse, des conf\u00e9rences et la participation \u00e0 des colloques.\u00a0<\/p>\n<\/div>\n<\/div><\/div><\/div><\/div><\/div><div id=\"pg-499-1\"  class=\"panel-grid panel-no-style\" ><div id=\"pgc-499-1-0\"  class=\"panel-grid-cell\" ><div id=\"panel-499-1-0-0\" class=\"so-panel widget widget_sow-editor panel-first-child\" data-index=\"1\" ><div class=\"panel-widget-style panel-widget-style-for-499-1-0-0\" ><div\n\t\t\t\n\t\t\tclass=\"so-widget-sow-editor so-widget-sow-editor-base\"\n\t\t\t\n\t\t>\n<div class=\"siteorigin-widget-tinymce textwidget\">\n\t<p><strong>Et si mon burnout \u00e9tait une chance ?<\/strong><br \/>\nBrochure\u00a0r\u00e9dig\u00e9e par les membres du r\u00e9seau burnout sous la direction du Dr P. Mesters<br \/>\nEdition Grunenthal, 2015<\/p>\n<p><a href=\"https:\/\/reseauburnout.org\/wp-content\/uploads\/2017\/01\/2015-49-REACTIVATE-PatientGuide-FR-PRINT-LR.pdf\">Cliquez ici pour t\u00e9l\u00e9charger<\/a><\/p>\n<\/div>\n<\/div><\/div><\/div><div id=\"panel-499-1-0-1\" class=\"so-panel widget widget_sow-editor\" data-index=\"2\" ><div class=\"panel-widget-style panel-widget-style-for-499-1-0-1\" ><div\n\t\t\t\n\t\t\tclass=\"so-widget-sow-editor so-widget-sow-editor-base\"\n\t\t\t\n\t\t>\n<div class=\"siteorigin-widget-tinymce textwidget\">\n\t<div>\n<div>\"<b><i>Impact du burnout sur la trajectoire professionnelle de l\u2019individu. \u00c9tude pilote<\/i>\"\u00a0 A-C Massart, P. Mesters, C.Bugli, avril 2023<\/b><\/div>\n<div><\/div>\n<div>Cet article, publi\u00e9 par Anth\u00e9mis (<a href=\"http:\/\/www.anthemis.be\/\" target=\"_blank\" rel=\"noopener\" data-saferedirecturl=\"https:\/\/www.google.com\/url?q=http:\/\/www.anthemis.be&amp;source=gmail&amp;ust=1708434021146000&amp;usg=AOvVaw0BgmV5q8FryzWgyS_9FPnY\">www.anthemis.be<\/a>), reprend une partie des r\u00e9sultats d'une \u00e9tude r\u00e9alis\u00e9e avec le soutien de l'INAMI.<\/div>\n<div>Ces r\u00e9sultats sont bas\u00e9s sur une large enqu\u00eate men\u00e9e aupr\u00e8s des patients ayant souffert d'un burnout et ayant consult\u00e9 le Dr Mesters.<\/div>\n<div><i><b>Merci \u00e0 ces patients qui, par leurs r\u00e9ponses, nous ont permis de mener \u00e0 bien ce travail et de faire ainsi progresser la compr\u00e9hension\u00a0et la prise en charge du burnout.<\/b><\/i><\/div>\n<div><a href=\"https:\/\/reseauburnout.org\/wp-content\/uploads\/2024\/02\/Pages-16-\u00e0-22-de-707_BAT-Anthemis-V-Def.pdf\">T\u00e9l\u00e9chargez l'article ici<\/a><\/div>\n<\/div>\n<div><\/div>\n<\/div>\n<\/div><\/div><\/div><div id=\"panel-499-1-0-2\" class=\"so-panel widget widget_sow-editor\" data-index=\"3\" ><div class=\"panel-widget-style panel-widget-style-for-499-1-0-2\" ><div\n\t\t\t\n\t\t\tclass=\"so-widget-sow-editor so-widget-sow-editor-base\"\n\t\t\t\n\t\t>\n<div class=\"siteorigin-widget-tinymce textwidget\">\n\t<div>\n<div>\n<div><span style=\"font-family: arial, sans-serif;\"><b>\"Le traitement et la trajectoire professionnelle des patients ayant souffert d\u2019\u00e9puisement professionnel. D\u00e9veloppement de recommandations politiques. Etude pilote\", Juillet 2022<\/b><\/span><\/div>\n<div><span style=\"font-family: arial, sans-serif;\">Ce projet a \u00e9t\u00e9 r\u00e9alis\u00e9 par\u00a0A-C Massart, P. Mesters, C.Bugli,\u00a0avec le soutien du centre d'expertise en incapacit\u00e9 de travail de l'lNAMI.<\/span><\/div>\n<div><span style=\"font-family: arial, sans-serif;\">Ce rapport porte sur une vaste enqu\u00eate\u00a0\u00a0men\u00e9e aupr\u00e8s des patients ayant souffert d'un burnout et ayant consult\u00e9 le Dr Mesters.<\/span><\/div>\n<div><span style=\"font-family: arial, sans-serif;\"><b>Il comprend de nombreux r\u00e9sultats permettant de mieux comprendre le burnout de nos patients \/ clients : les facteurs impactant la dur\u00e9e de l'arr\u00eat maladie, l'\u00e9volution des sympt\u00f4mes dans le temps, la pr\u00e9paration de la reprise et l'accueil au retour, l'impact de la violence au travail sur la trajectoire professionnelle apr\u00e8s burnout, et bien d'autres r\u00e9sultats encore...<\/b><\/span><\/div>\n<div><a href=\"https:\/\/reseauburnout.org\/wp-content\/uploads\/2024\/10\/Rapport-final-FR-2022-Massart-Mesters-Bugli.pdf\">T\u00e9l\u00e9charger <\/a><\/div>\n<div><span style=\"font-family: arial, sans-serif;\">Bonne lecture.\u00a0<\/span><\/div>\n<div><span style=\"font-family: arial, sans-serif;\"><i>Et merci aux 352 patients qui ont contribu\u00e9 \u00e0 ce travail en acceptant de t\u00e9moigner de leur parcours \u00e0 travers nos enqu\u00eates.<\/i><b>\u00a0<\/b><\/span><\/div>\n<\/div>\n<div><\/div>\n<\/div>\n<div><\/div>\n<\/div>\n<\/div><\/div><\/div><div id=\"panel-499-1-0-3\" class=\"so-panel widget widget_sow-editor panel-last-child\" data-index=\"4\" ><div class=\"panel-widget-style panel-widget-style-for-499-1-0-3\" ><div\n\t\t\t\n\t\t\tclass=\"so-widget-sow-editor so-widget-sow-editor-base\"\n\t\t\t\n\t\t>\n<div class=\"siteorigin-widget-tinymce textwidget\">\n\t<div>\n<div>\n<div><strong>La souffrance au travail,\u00a0Dialogue interdisciplinaire autour du burn-out<\/strong>.\u00a0<span class=\"gmail-product-attribute-title\">Collection :\u00a0<\/span><span class=\"gmail-product-attribute-value\">Perspectives de droit social,\u00a0<\/span>Anth\u00e9mis, 2019<\/div>\n<div><\/div>\n<div>\"\u00a0A<i>vocats et acad\u00e9miques en droit ont rencontr\u00e9\u00a0\u00a0m\u00e9decins sp\u00e9cialis\u00e9s dans la question du burn-out, m\u00e9decins du travail, conseillers en pr\u00e9vention et coaches, afin de mettre sur pied un projet interdisciplinaire, o\u00f9 th\u00e9orie juridique et pratique m\u00e9dicale et psycho-sociale pourraient opportun\u00e9ment se marier.<br \/>\n<\/i><\/div>\n<div><i>Le r\u00e9sultat de ces \u00e9changes est \u00e0 d\u00e9couvrir dans cet ouvrage qui int\u00e9ressera les professionnels, tous secteurs confondus, amen\u00e9s \u00e0 \u00eatre en contact, d\u2019une fa\u00e7on ou d\u2019une autre, avec la th\u00e9matique de la souffrance au travail.<\/i>\u00a0\"<\/div>\n<div><a href=\"https:\/\/www.anthemis.be\/shop\/burnout-la-souffrance-au-travail-8358?product=product.template%288358%2C%29#attr=6864,2903,11679\">acc\u00e8s \u00e0 la pr\u00e9sentation du livre<\/a><\/div>\n<\/div>\n<div><\/div>\n<\/div>\n<div><\/div>\n<\/div>\n<\/div><\/div><\/div><\/div><\/div><div id=\"pg-499-2\"  class=\"panel-grid panel-no-style\" ><div id=\"pgc-499-2-0\"  class=\"panel-grid-cell\" ><div id=\"panel-499-2-0-0\" class=\"so-panel widget widget_sow-editor panel-first-child panel-last-child\" data-index=\"5\" ><div\n\t\t\t\n\t\t\tclass=\"so-widget-sow-editor so-widget-sow-editor-base\"\n\t\t\t\n\t\t>\n<div class=\"siteorigin-widget-tinymce textwidget\">\n\t<p><strong>Comprendre et vaincre l'\u00e9puisement professionnel<\/strong><br \/>\n<em><span class=\"verdana_bold_12_gris\">Toutes les cl\u00e9s pour comprendre le burn out<\/span><\/em><br \/>\nLivre \u00e9dit\u00e9 chez Robert Laffont, 2007<br \/>\n<a href=\"#wow-modal-id-1\">Patrick Mesters<\/a> et Suzanne Peters<br \/>\n<a href=\"http:\/\/www.laffont.fr\/site\/vaincre_l_epuisement_professionnel_&amp;100&amp;9782221108314.html\">Voir les d\u00e9tails<\/a><\/p>\n<p><strong>Syndrome de fatigue professionnelle<\/strong><br \/>\nRevue M\u00e9dicale de Li\u00e8ge, 2017<br \/>\n<i>1\u00e8re partie : De l'identification par le m\u00e9decin g\u00e9n\u00e9raliste<\/i><br \/>\nN. Clumeck, <a href=\"#wow-modal-id-7\">S. Delroisse<\/a>, S. Gozlan, M. Le Polain, <a href=\"#wow-modal-id-19\">A.-C. Massart<\/a>, <a href=\"#wow-modal-id-1\">P. Mesters<\/a>, W. Pitchot<br \/>\n<a href=\"http:\/\/reseauburnout.org\/wp-content\/uploads\/2017\/12\/Rev-Med-de-Li\u00e8ge-part-1.pdf\">T\u00e9l\u00e9charger<\/a><br \/>\n<em>2\u00e8me partie : De la prise en charge th\u00e9rapeutique<br \/>\n<\/em><a href=\"#wow-modal-id-1\">P. Mesters<\/a>, N. Clumeck, <a href=\"#wow-modal-id-7\">S. Delroisse<\/a>, S. Gozlan, M. Le Polain, <a href=\"#wow-modal-id-19\">A.-C. Massart<\/a>, W. Pitchot<br \/>\n<a href=\"http:\/\/reseauburnout.org\/wp-content\/uploads\/2017\/12\/Rev-Med-de-Li\u00e8ge-part-2.pdf\">T\u00e9l\u00e9charger<\/a><\/p>\n<\/div>\n<\/div><\/div><\/div><div id=\"pgc-499-2-1\"  class=\"panel-grid-cell\" ><div id=\"panel-499-2-1-0\" class=\"so-panel widget widget_sow-editor panel-first-child panel-last-child\" data-index=\"6\" ><div\n\t\t\t\n\t\t\tclass=\"so-widget-sow-editor so-widget-sow-editor-base\"\n\t\t\t\n\t\t>\n<div class=\"siteorigin-widget-tinymce textwidget\">\n\t<p><strong>Quel retour au travail apr\u00e8s un burnout ?<\/strong><br \/>\nEtude pilote \u00e0 partir de la client\u00e8le d'un coach, juillet 2017<br \/>\n<a href=\"#wow-modal-id-19\">A.-C. Massart<\/a>, <a href=\"#wow-modal-id-7\">S. Delroisse<\/a>, <a href=\"#wow-modal-id-1\">P. Mesters<\/a><br \/>\n<a href=\"http:\/\/reseauburnout.org\/wp-content\/uploads\/2017\/11\/Quel-retour-au-travail-apr\u00e8s-un-burnout.pdf\">T\u00e9l\u00e9charger<\/a><\/p>\n<p><strong>Burnout : quand le travail devient toxique<\/strong><br \/>\nD\u00e9bat sur la RTBF avec l'intervention de P. Mesters (12\/9\/2017)<br \/>\n<a href=\"https:\/\/www.rtbf.be\/auvio\/detail_burn-out-quand-le-travail-devient-toxique?id=2253529\">Regarder<\/a><b><\/b><\/p>\n<p><strong>\"Mettre des limites, c'est retrouver du sens \u00e0 sa vie\"<\/strong><br \/>\nArticle de l'Echo \u00e0 propos du burn out avec le t\u00e9moignage d'un psychiatre, d'un psychologue et de la coach Isabelle Stichelmans du R\u00e9seau Burn Out (23\/11\/19)<br \/>\n<a href=\"http:\/\/reseauburnout.org\/wp-content\/uploads\/2019\/12\/Article-Echo-sur-BO-23-12-19-.pdf\" target=\"_blank\" rel=\"noopener\">T\u00e9l\u00e9charger<\/a><\/p>\n<\/div>\n<\/div><\/div><\/div><\/div><\/div>","protected":false},"excerpt":{"rendered":"<p>Notre r\u00e9seau a pour ambition de d\u00e9velopper son expertise dans la probl\u00e9matique de la souffrance au travail\u00a0: burnout, \u00e9puisement professionnel, harc\u00e8lement, troubles psychosomatiques, psychologiques, psychiatriques, etc. Nous voulons contribuer non seulement \u00e0 mieux comprendre ces ph\u00e9nom\u00e8nes mais aussi \u00e0 les pr\u00e9venir. Les membres du r\u00e9seau partagent cette expertise avec d\u2019autres professionnels et le grand public, &#8230; <a title=\"Nos interventions et publications\" class=\"read-more\" href=\"https:\/\/reseauburnout.org\/index.php\/nos-interventions-et-publications\/\">Lire la suite <span class=\"screen-reader-text\">Nos interventions et publications<\/span><\/a><\/p>\n","protected":false},"author":1,"featured_media":0,"parent":0,"menu_order":50,"comment_status":"closed","ping_status":"closed","template":"","meta":{"two_page_speed":[],"footnotes":""},"class_list":["post-499","page","type-page","status-publish"],"aioseo_notices":[],"_links":{"self":[{"href":"https:\/\/reseauburnout.org\/index.php\/wp-json\/wp\/v2\/pages\/499","targetHints":{"allow":["GET"]}}],"collection":[{"href":"https:\/\/reseauburnout.org\/index.php\/wp-json\/wp\/v2\/pages"}],"about":[{"href":"https:\/\/reseauburnout.org\/index.php\/wp-json\/wp\/v2\/types\/page"}],"author":[{"embeddable":true,"href":"https:\/\/reseauburnout.org\/index.php\/wp-json\/wp\/v2\/users\/1"}],"replies":[{"embeddable":true,"href":"https:\/\/reseauburnout.org\/index.php\/wp-json\/wp\/v2\/comments?post=499"}],"version-history":[{"count":123,"href":"https:\/\/reseauburnout.org\/index.php\/wp-json\/wp\/v2\/pages\/499\/revisions"}],"predecessor-version":[{"id":1740,"href":"https:\/\/reseauburnout.org\/index.php\/wp-json\/wp\/v2\/pages\/499\/revisions\/1740"}],"wp:attachment":[{"href":"https:\/\/reseauburnout.org\/index.php\/wp-json\/wp\/v2\/media?parent=499"}],"curies":[{"name":"wp","href":"https:\/\/api.w.org\/{rel}","templated":true}]}}