{"id":729,"date":"2017-11-29T11:30:18","date_gmt":"2017-11-29T10:30:18","guid":{"rendered":"http:\/\/reseauburnout.org\/?page_id=729"},"modified":"2024-11-04T10:43:00","modified_gmt":"2024-11-04T09:43:00","slug":"vous-etes-en-burnout","status":"publish","type":"page","link":"https:\/\/reseauburnout.org\/index.php\/vous-etes-en-burnout\/","title":{"rendered":"Vous \u00eates en burnout"},"content":{"rendered":"<div id=\"pl-729\"  class=\"panel-layout\" ><div id=\"pg-729-0\"  class=\"panel-grid panel-no-style\" ><div id=\"pgc-729-0-0\"  class=\"panel-grid-cell\" ><div id=\"panel-729-0-0-0\" class=\"so-panel widget widget_sow-editor panel-first-child\" data-index=\"0\" ><div class=\"panel-widget-style panel-widget-style-for-729-0-0-0\" ><div\n\t\t\t\n\t\t\tclass=\"so-widget-sow-editor so-widget-sow-editor-base\"\n\t\t\t\n\t\t>\n<div class=\"siteorigin-widget-tinymce textwidget\">\n\t<h2><span style=\"color: #993366;\">Nous pouvons vous aider<\/span><\/h2>\n<\/div>\n<\/div><\/div><\/div><div id=\"panel-729-0-0-1\" class=\"so-panel widget widget_sow-editor\" data-index=\"1\" ><div class=\"panel-widget-style panel-widget-style-for-729-0-0-1\" ><div\n\t\t\t\n\t\t\tclass=\"so-widget-sow-editor so-widget-sow-editor-base\"\n\t\t\t\n\t\t><h3 class=\"widget-title\">Accompagnement individuel<\/h3>\n<div class=\"siteorigin-widget-tinymce textwidget\">\n\t<p>Notre premi\u00e8re mission est l\u2019accompagnement individuel pluridisciplinaire de toute personne confront\u00e9e \u00e0 une probl\u00e9matique d\u2019\u00e9puisement professionnel ou de souffrance au travail ; ceci en collaboration avec son m\u00e9decin traitant. <\/p>\n<p>Nous proposons des consultations professionnelles et sp\u00e9cifiques aux probl\u00e9matiques rencontr\u00e9es.<br \/> Pour cela, le r\u00e9seau regroupe des m\u00e9decins (g\u00e9n\u00e9raliste et psychiatres), des psychoth\u00e9rapeutes, des coachs, des sophrologues et des juristes. <br \/><strong><a href=\"http:\/\/reseauburnout.org\/index.php\/qui-sommes-nous#membres\">Voyez les membres de notre r\u00e9seau<\/a><\/strong>.<\/p>\n<\/div>\n<\/div><\/div><\/div><div id=\"panel-729-0-0-2\" class=\"so-panel widget widget_sow-editor panel-last-child\" data-index=\"2\" ><div\n\t\t\t\n\t\t\tclass=\"so-widget-sow-editor so-widget-sow-editor-base\"\n\t\t\t\n\t\t><h3 class=\"widget-title\">Concr\u00e8tement,<\/h3>\n<div class=\"siteorigin-widget-tinymce textwidget\">\n\t<p>1. Si vous pensez \u00eatre en burnout, il est important que vous rencontriez un m\u00e9decin afin d'\u00e9tablir un diagnostic. Vous pouvez donc soit consulter votre m\u00e9decin traitant, soit prendre rendez-vous chez un psychiatre du r\u00e9seau : <a href=\"https:\/\/reseauburnout.org\/index.php\/qui-sommes-nous\/\">cliquer ici<\/a>.<\/p>\n<p>2. Parall\u00e8lement, vous pouvez aussi consulter un psychoth\u00e9rapeute pour faire le point avec lui et entamer un accompagnement. N'h\u00e9sitez donc pas \u00e0 prendre rendez-vous avec l'un d'entre eux : <a href=\"https:\/\/reseauburnout.org\/index.php\/qui-sommes-nous\/\">cliquer ici<\/a>.<\/p>\n<p>3. Si n\u00e9cessaire, il pourrait vous conseiller de voir une sophrologue afin de travailler sur la dimension physique de votre \u00e9puisement: <a href=\"https:\/\/reseauburnout.org\/index.php\/qui-sommes-nous\/\">cliquer ici<\/a>.<\/p>\n<p>4. Par la suite et en fonction de votre situation, votre m\u00e9decin ou votre psychoth\u00e9rapeute pourrait vous orienter vers un coach avec lequel vous pourrez travailler sur vos perspectives professionnelles : <a href=\"https:\/\/reseauburnout.org\/index.php\/qui-sommes-nous\/\">cliquer ici<\/a>.<\/p>\n<p><em>Quelque soit l'intervenant que vous contactez, tous les membres du r\u00e9seau sont form\u00e9s \u00e0 l'accompagnement sp\u00e9cifique des personnes en burnout.<\/em><\/p>\n<\/div>\n<\/div><\/div><\/div><div id=\"pgc-729-0-1\"  class=\"panel-grid-cell\" ><div id=\"panel-729-0-1-0\" class=\"so-panel widget widget_sow-editor panel-first-child\" data-index=\"3\" ><div\n\t\t\t\n\t\t\tclass=\"so-widget-sow-editor so-widget-sow-editor-base\"\n\t\t\t\n\t\t>\n<div class=\"siteorigin-widget-tinymce textwidget\">\n\t<h2><span style=\"color: #993366;\">&nbsp;<\/span><\/h2>\n<\/div>\n<\/div><\/div><div id=\"panel-729-0-1-1\" class=\"so-panel widget widget_sow-editor\" data-index=\"4\" ><div class=\"panel-widget-style panel-widget-style-for-729-0-1-1\" ><div\n\t\t\t\n\t\t\tclass=\"so-widget-sow-editor so-widget-sow-editor-base\"\n\t\t\t\n\t\t><h3 class=\"widget-title\">Accompagnement en groupe<\/h3>\n<div class=\"siteorigin-widget-tinymce textwidget\">\n\t<p><strong>Cellules de parole<\/strong><br \/>Contacter <a href=\"#wow-modal-id-12\">Audrey Membrive<\/a> ou <a href=\"#wow-modal-id-21\">Isabelle Stichelmans<\/a><\/p>\n<p><strong>Ateliers sophrologie<\/strong><br \/>Contacter <a href=\"#wow-modal-id-15\">B\u00e9atrice Mesters<\/a> ou <a href=\"#wow-modal-id-14\">Bernadette Degroote<\/a><\/p>\n<\/div>\n<\/div><\/div><\/div><div id=\"panel-729-0-1-2\" class=\"so-panel widget widget_sow-editor\" data-index=\"5\" ><div class=\"panel-widget-style panel-widget-style-for-729-0-1-2\" ><div\n\t\t\t\n\t\t\tclass=\"so-widget-sow-editor so-widget-sow-editor-base\"\n\t\t\t\n\t\t><h3 class=\"widget-title\">Prochains stages de sophrologie<\/h3>\n<div class=\"siteorigin-widget-tinymce textwidget\">\n\t<p class=\"p1\"><span class=\"s1\">Sur demande<\/span><\/p>\n<p class=\"p1\"><span class=\"s1\">Renseignements et inscriptions : <a href=\"#wow-modal-id-15\">B\u00e9atrice Mesters<\/a> - 0485 560 111<\/span><\/p>\n<\/div>\n<\/div><\/div><\/div><div id=\"panel-729-0-1-3\" class=\"so-panel widget widget_sow-editor panel-last-child\" data-index=\"6\" ><div\n\t\t\t\n\t\t\tclass=\"so-widget-sow-editor so-widget-sow-editor-base\"\n\t\t\t\n\t\t><h3 class=\"widget-title\">Cellules de paroles pour les personnes touch\u00e9es par un burn out<\/h3>\n<div class=\"siteorigin-widget-tinymce textwidget\">\n\t<p class=\"p1\">Le cycle de s\u00e9ances de cellule de parole est cl\u00f4tur\u00e9 pour cette ann\u00e9e.<\/p>\n<p class=\"p2\">Plus d'infos : <a href=\"mailto:coachstichelmans@gmail.com\">coachstichelmans@gmail.com<\/a> - 0477\/300 696<\/p>\n<p><!--\n\n\n<p class=\"p1\">Dans le cadre d\u2019une prise en charge suite \u00e0 un diagnostic m\u00e9dical d\u2019\u00e9puisement professionnel , nous vous proposons un espace de paroles pour partager et cr\u00e9er du lien autour d\u2019une exp\u00e9rience commune.\n\n\n<p class=\"p1\">Comment vivons-nous cette tranche de vie ?<\/p>\n\n\n\n\n<p class=\"p1\">Est-ce normal de nous sentir en d\u00e9calage par rapport \u00e0 notre entourage ?<\/p>\n\n\n\n\n<p class=\"p1\">Est-ce que ces sympt\u00f4mes vont perdurer ?<\/p>\n\n\n\n\n<p class=\"p1\">Autant de questions autour desquelles nous vous invitons au partage et \u00e0 l\u2019\u00e9change dans un environnement s\u00e9curisant et bienveillant anim\u00e9 par <a href=\"#wow-modal-id-21\">Isabelle Stichelmans<\/a>, senior coach, experte en burn out.<\/p>\n\n\n<strong>Renseignements pratiques :<\/strong>\n\n\n<p class=\"p1\">Lieu : Woluwe-St-Pierre<\/p>\n\n\n\n\n<p class=\"p1\">M\u00e9tro : Stockel (5\u2019 \u00e0 pied)<\/p>\n\n\n\n\n<p class=\"p1\">Nombre de participants : 8 pers.<\/p>\n\n\n\n\n<p class=\"p1\">Nombre de s\u00e9ances : 3<\/p>\n\n\n\n\n<p class=\"p1\">Dur\u00e9e : 2 heures de 15h30 \u00e0 17h30<\/p>\n\n\n\n\n<p class=\"p1\">Cycle 1: 2\/4 - 7\/5 - 6\/6\/2019<\/p>\n\n\n\n\n<p class=\"p1\">Cycle 2: 17\/9 - 21\/10 - 12\/11\/2019<\/p>\n\n\n\n\n<p class=\"p1\">Tarif : 120\u20ac\/3 s\u00e9ances<\/p>\n\n\n\n\n<p class=\"p2\">Inscription indispensable : <a href=\"mailto:coachstichelmans@gmail.com\">coachstichelmans@gmail.com<\/a> - 0477\/300 696<\/p>\n\n\n\n--><\/p>\n<\/div>\n<\/div><\/div><\/div><\/div><\/div>","protected":false},"excerpt":{"rendered":"<p>Nous pouvons vous aider Notre premi\u00e8re mission est l\u2019accompagnement individuel pluridisciplinaire de toute personne confront\u00e9e \u00e0 une probl\u00e9matique d\u2019\u00e9puisement professionnel ou de souffrance au travail ; ceci en collaboration avec son m\u00e9decin traitant. Nous proposons des consultations professionnelles et sp\u00e9cifiques aux probl\u00e9matiques rencontr\u00e9es. Pour cela, le r\u00e9seau regroupe des m\u00e9decins (g\u00e9n\u00e9raliste et psychiatres), des psychoth\u00e9rapeutes, &#8230; <a title=\"Vous \u00eates en burnout\" class=\"read-more\" href=\"https:\/\/reseauburnout.org\/index.php\/vous-etes-en-burnout\/\">Lire la suite <span class=\"screen-reader-text\">Vous \u00eates en burnout<\/span><\/a><\/p>\n","protected":false},"author":1,"featured_media":0,"parent":0,"menu_order":20,"comment_status":"closed","ping_status":"closed","template":"","meta":{"two_page_speed":[],"footnotes":""},"class_list":["post-729","page","type-page","status-publish"],"aioseo_notices":[],"_links":{"self":[{"href":"https:\/\/reseauburnout.org\/index.php\/wp-json\/wp\/v2\/pages\/729","targetHints":{"allow":["GET"]}}],"collection":[{"href":"https:\/\/reseauburnout.org\/index.php\/wp-json\/wp\/v2\/pages"}],"about":[{"href":"https:\/\/reseauburnout.org\/index.php\/wp-json\/wp\/v2\/types\/page"}],"author":[{"embeddable":true,"href":"https:\/\/reseauburnout.org\/index.php\/wp-json\/wp\/v2\/users\/1"}],"replies":[{"embeddable":true,"href":"https:\/\/reseauburnout.org\/index.php\/wp-json\/wp\/v2\/comments?post=729"}],"version-history":[{"count":106,"href":"https:\/\/reseauburnout.org\/index.php\/wp-json\/wp\/v2\/pages\/729\/revisions"}],"predecessor-version":[{"id":1735,"href":"https:\/\/reseauburnout.org\/index.php\/wp-json\/wp\/v2\/pages\/729\/revisions\/1735"}],"wp:attachment":[{"href":"https:\/\/reseauburnout.org\/index.php\/wp-json\/wp\/v2\/media?parent=729"}],"curies":[{"name":"wp","href":"https:\/\/api.w.org\/{rel}","templated":true}]}}